2) a prime number?
False
Is (-5 - (-36)/8)*-838 a composite number?
False
Let x(y) = -3*y - 28. Let l(a) = -2*a - 14. Let b(h) = -7*l(h) + 4*x(h). Let q be b(6). Is q - -2 - (2 + -413) a prime number?
False
Let i be (3 - 1 - 1) + 1. Let o(c) = 7*c + 2*c**3 - i*c**2 - 5 + 11*c**2 - c**3. Is o(-8) a prime number?
True
Is 342/45 + -7 + (-9184)/(-10) prime?
True
Suppose 3*q = 36 + 15. Suppose q - 1 = 4*x. Suppose k - 125 = -x*k. Is k composite?
True
Suppose 7*z - 3*s = 2*z + 22954, 4*s - 18344 = -4*z. Is z a composite number?
True
Let d = -71 - 9. Let n be (0/(-2) - -2)/(4/(-12)). Is n/(-3) - (d - -3) prime?
True
Let r be -4 - (-7)/(-3)*-3. Suppose r*b - 2 - 28 = 0. Suppose 2*f = b, -2*z - 3*f = -7*f - 1338. Is z prime?
False
Let s(q) = q - 2. Let k be s(5). Let h(r) = 27*r - 7*r**2 + r**k - 42*r + 6 - 4*r**2. Is h(13) a prime number?
True
Let p = 676 - 421. Let l = 525 - p. Suppose 0 = 7*t - 1067 - l. Is t prime?
True
Suppose -n + 1 = -5*h - 0*h, -n = 5*h - 1. Let y be 4/(-1) + n + 8. Suppose 4*c - y*u = 195, -5*c - 4*u = -7*u - 260. Is c a prime number?
False
Suppose 0*o + 18 = 5*g + 2*o, 0 = -o - 1. Suppose -3*c - s = -2*c, -4 = 2*c + g*s. Is 37*c/(-4)*-2 prime?
True
Suppose 4*b - 3*b = -5*d - 1804, d + 4*b + 376 = 0. Let o = d - -991. Is o composite?
False
Let r(t) = -5489*t - 686. Is r(-5) a prime number?
True
Let i(u) = -2*u - 25. Let h be i(-10). Is 2 + -1 + h - -843 prime?
True
Suppose y = -2*y, 5*j = -2*y. Let g be ((-1)/(-2)*j)/(-1). Suppose 2*z - 41 - 51 = g. Is z composite?
True
Let m be 873/(-4)*(-128)/48. Let k = m + -343. Is k a prime number?
True
Suppose 0 = -2*u + 2*n - 18, 7*u - 3*u + 3*n = -8. Let x(h) = -81*h + 3. Let c be x(u). Let l = c + -185. Is l a composite number?
False
Let b(v) = -2*v**2 + 2. Let m be b(-3). Let o = 34 + m. Is 0 + 3 + o + -2 a prime number?
True
Let x(q) be the second derivative of -q**4/12 - 4*q**3/3 - 2*q**2 - 3*q. Let f be x(-7). Suppose 4*b - f*b = 211. Is b composite?
False
Let k = 3 - 0. Suppose 5*f + 1 = -3*y + 4, 3*y + 4*f - 6 = 0. Is k + 92*(y + 1) a composite number?
False
Let b = 110098 - 75919. Is b composite?
True
Let p(k) = -3109*k - 251. Is p(-12) a prime number?
True
Let j(n) = 13*n**2 + n + 1. Let w be -6*(-4)/(-12)*-3. Suppose -4*u + w + 14 = 0. Is j(u) a prime number?
True
Suppose -11750 - 2058 = -4*v - 2*t, 0 = -v + t + 3455. Is v prime?
False
Let j(p) = 235*p + 122. Is j(17) a composite number?
True
Suppose -t + 1144 = p - 6*t, 5*p - 5605 = 2*t. Is p a composite number?
True
Let n be (6/(-21))/((-1)/14). Is -2 - -122 - 4/n a composite number?
True
Let f(z) = 288*z**3 - 2*z**2 + 1. Let u(v) = -3*v - 23. Let d be u(-8). Is f(d) a composite number?
True
Let x = -61942 - -136751. Is x composite?
True
Is (-6 + 7 - 2)*-818 prime?
False
Is 178134/8 + (-44)/(-176) a prime number?
False
Let x(g) be the second derivative of g**4/6 + 11*g**3/6 - 9*g**2/2 - 8*g. Let s be x(-12). Suppose -s = -2*j + j + 2*l, -l + 319 = 2*j. Is j composite?
False
Let x = 42 + -38. Suppose -3*v = -v - d + 9, 15 = -x*v + d. Is 26/v*477/(-6) composite?
True
Let u(s) = -4*s**2 + 5*s - 5. Let z(a) = -9*a - 4*a**2 - 4*a - 5 + 18*a. Let d(x) = -4*u(x) + 3*z(x). Is d(7) composite?
True
Let k be ((-6)/(-8))/((-2)/(-8)). Is 3*(55/k)/1 a composite number?
True
Let f be (-5 - 0)*(1 - 3). Suppose 0 = 5*b + u - 44, 2*u - u = b - f. Suppose b = 5*a - 3*j, 5*a + 3*j = -7 + 28. Is a a prime number?
True
Let a(i) = 4 + 208*i**2 - 1 + 240*i**2 - 3*i + 2*i. Is a(2) a composite number?
True
Let w = -4 - 0. Let c be (48/28)/(w/(-14)). Suppose -438 = -c*i + 960. Is i prime?
True
Let x(b) = -9418*b - 63. Is x(-1) composite?
True
Suppose 3*g - 1634 = 1024. Suppose -3*n = -4*h + 3639, 5*h - 6*h + g = 4*n. Suppose -2*o + 1190 = 4*x, 4*x - 299 = 3*o + h. Is x composite?
True
Let c(k) = -k**2 - 1. Let i(x) = -18*x**2 - 2*x - 8. Let l(j) = -5*c(j) - i(j). Is l(4) a prime number?
True
Suppose 12 = 6*o - 2*o. Suppose -1014 = -3*a - o*s, 2*s + s + 1331 = 4*a. Is a a prime number?
False
Is 187/66 + -3 - (-61099)/6 prime?
False
Suppose -c + 4 = 0, -5*g + 5*c = -4*g + 30. Let a(d) = -2*d - 2*d**3 + 3 - 2 - 10*d**2 + d**3. Is a(g) prime?
False
Let j(f) = 129*f**2 + 12*f + 13. Suppose -1 - 34 = 4*c - 3*t, 14 = -2*c - 2*t. Is j(c) a prime number?
False
Let c(j) = -5 - 77*j - 2 - 3*j**3 + 2*j**3 + 74*j + 9*j**2. Suppose 0 = u + 1 - 7. Is c(u) prime?
True
Suppose -2*m - 2 = -6. Suppose 3*u = 7*k - m*k - 334, k - 80 = 5*u. Is k composite?
True
Suppose 3*f + 4*x = -144, -3*x + 0 + 9 = 0. Let d be ((-39)/f)/((-2)/24). Is ((-358)/6)/(3/d) prime?
True
Let r be (-1 - 11)*18/8. Let y = 17 + r. Is 672/10 + 2/y prime?
True
Let k = -29 - -32. Suppose -5*c = -k*c - 1246. Is c a composite number?
True
Let q be 0/(-17) - 1*-190. Suppose 7*c - 7316 = -q. Is c composite?
True
Let n be 1/(-2) - (-2345)/(-14). Let a = 295 + n. Is a a prime number?
True
Let q(f) = -f**2 + f - 1. Let z(h) = h**2 - h + 1. Let x(p) = -6*q(p) - 7*z(p). Let u be x(0). Is (-1)/u + -2 + 140 composite?
False
Let p = 300 - -35663. Is p a composite number?
False
Let y(s) = 101*s - 20. Is y(29) prime?
True
Let h(w) = -w**3 + 8*w**2 + 8*w - 1. Let j be h(9). Is j/20 + (-3243)/(-2) a prime number?
True
Let h be 6/(-2)*-1 + 1. Suppose 410 = -2*v + 4*v + h*q, -5*v + 5*q = -1070. Is v a composite number?
False
Let f = 123 - -100. Let q be (-4)/(3/4 - 43/60). Let n = f + q. Is n a prime number?
True
Suppose 32 + 13 = -5*z. Let o(k) = -6*k + 11. Is o(z) a composite number?
True
Let l = 3431 - -536. Is l composite?
False
Let g be 60/(-25)*(-20)/6. Let x = g + -5. Suppose 291 = -2*t + x*t. Is t prime?
False
Let t = 61 + -6. Let o = t + 432. Is o a composite number?
False
Let i = 37562 + -13363. Is i prime?
False
Suppose 1 + 2 = 3*n. Let d be (n + -2)*(-24)/(-3). Let r = 153 + d. Is r a prime number?
False
Let x(y) = y**3 - 16*y**2 - 4*y - 22. Let m be x(17). Is 2*(m/2 + -4) a composite number?
False
Is (-2 - -5 - -34910)/(-6 + 7) prime?
True
Suppose 0 = -7*o + 55 - 20. Suppose -10*b - o*c = -5*b - 1285, c - 3 = 0. Is b prime?
False
Suppose -5*x - 5 + 1 = 2*h, -3*x = 4*h - 6. Suppose -15 = -6*i + h*i. Suppose i*q - 3*q = 742. Is q a composite number?
True
Suppose 0 = -17*h + 22*h - 2000. Suppose c + 4*b = 3*c - h, c - 3*b = 203. Is c a composite number?
True
Let o = 38 + -33. Is 127*((o - 0) + 2) composite?
True
Let c(m) = -m**3 + 12*m**2 + 11*m + 30. Let t be c(13). Suppose -4*w + g = 6*g - 5544, -t*g = -4*w + 5508. Is w prime?
True
Let p(b) = b. Let k be p(-8). Let r(w) = w**3 + 11*w**2 + 12*w - 9. Is r(k) prime?
False
Let m(c) = 181*c**2 + 2*c - 131. Is m(-16) a prime number?
False
Let r(o) be the third derivative of 4*o**6/15 + o**5/60 - o**4/12 + o**3/3 + 19*o**2. Is r(3) a composite number?
True
Let t = -88 - -89. Is (-1)/(1/(-409)*t) composite?
False
Let h(q) = -6*q**2 + q. Let f(r) = 5*r**2 - r. Let b(x) = 4*f(x) + 3*h(x). Let a be b(1). Is (-69 - -3)*a/(-2) a composite number?
True
Let n be (-1 + -10)*(-3 - -2). Let i = -8 + n. Suppose -7*c = -i*c - 812. Is c a composite number?
True
Let l be 3*(-1 + 22/6). Let c(j) = 13*j**2 + 6*j - 11. Is c(l) composite?
True
Let o be (-1 - 1 - -1)*-4. Is 0 + 0 + o + 211 a prime number?
False
Let p(z) be the first derivative of -z**3 - 7*z + 8 + 1/2*z**4 + 7/2*z**2. Is p(5) prime?
False
Is -2 - 39/(-18) - (-372176)/96 a composite number?
False
Let q = 41741 - 29418. Is q composite?
False
Let l(f) = -5240*f - 483. Is l(-5) a composite number?
False
Let g = 7 - 5. Is (1461/6)/(5/g - 2) composite?
False
Let v = 4634 + 65. Is v a composite number?
True
Suppose -a + d - 1730 - 1320 = 0, d = -4*a - 12200. Is a/(-8) + (-4)/16 a prime number?
False
Let w = -18 + 306. Suppose 4*a - 3*v = 199, 4*a = -v - 93 + w. Is a prime?
False
Suppose -s - 22 = -5*u, 3*s + 0 = -5*u + 14. Suppose -2*x + u = -0*x. Suppose -p + 0*l + 170 = 5*l, x*l - 364 = -2*p. Is p composite?
True
Let t = -2223 - -6664. Is t a prime number?
True
Suppose 11*q - 16328 - 28673 = 0. Is q composite?
False
Let u = -65 + -58. Is 1 - (-3)/1 - u a composite number?
False
Let b(h) = 345*h**2 - 33*h - 67. Is b(11) prime?
False
Suppose -12*w - 3*u + 88579 = -8*w, 4*u = -2*w + 44282. Is w prime?
True
Suppose -315 - 2340 = -9*z. Suppose -9*l + 416 = -z. Is l prime?
True
Let x(i) = -2*i**2 - 29*i - 14. Let d be x(-